on divisor of p and r.
4
Let g(b) = -6*b - 55. Let m be g(-10). Let o be (3/1 + -2)*109. Let r = o - 64. Calculate the greatest common factor of r and m.
5
Let r = 2793 + -2791. Let p(y) = 24*y**3 - y + 1. Let x be p(1). What is the highest common factor of x and r?
2
Let c be ((-24)/15)/(-4) - (-28048)/80. What is the highest common factor of c and 54?
27
Let g be 1 - -131*(-1 + 2). Let j = -467 - -479. Calculate the greatest common factor of j and g.
12
Let t be (-2 + 32/12)*-3. Let p = 11 - t. Calculate the highest common factor of 117 and p.
13
Let i be -4 + 4 - -2*1. Suppose 4*c + 3*p = 30, 0 = -5*c - i*p + 20 + 14. Let v be (-2)/(-5)*(c + -1). Calculate the greatest common divisor of v and 1.
1
Suppose 7*n - 2*n + 2*x - 21 = 0, -2*n - x = -8. Suppose -4*g + 36 = n*g. Let i = -3 - -7. What is the greatest common divisor of g and i?
4
Let y be 12*(4/6 - 0). Suppose -2*s = 2*s - y. Let i be 28/5*5/s. What is the greatest common factor of 14 and i?
14
Let h(j) = -j**3 - 7*j**2 - 5*j + 14. Let z be h(-6). Calculate the greatest common factor of z and 88.
8
Let w be (-196)/(-6) + (-8)/(-24). Let c be (-6)/w - ((-598)/22 + 0). Calculate the highest common factor of c and 243.
27
Let x be 2/(4 + 0)*-2. Let i(d) = 10 + 46*d**2 + 3 + 3*d + 4 - 15. Let r be i(x). Calculate the greatest common factor of 30 and r.
15
Let b be 214*(5/(-10))/1. Let o = b - -119. Calculate the highest common divisor of 18 and o.
6
Suppose -6*m + 156 = -3*m + 3*d, 0 = -4*d - 12. Calculate the highest common divisor of m and 99.
11
Let j = -6 - -1. Let k = 6 - j. What is the greatest common divisor of 55 and k?
11
Let b = -23 + 36. Let v = 48 + -9. Calculate the highest common divisor of v and b.
13
Let z be (-1436)/(-14) + 8/(-14). Suppose 38 + 19 = d. Let v = z - d. Calculate the greatest common factor of v and 18.
9
Let y be 11*-38*(575/46 + -13). What is the greatest common divisor of y and 190?
19
Let s(g) = 115*g**2. Let r be 0 + -2 - (-5)/5. Let n be s(r). Let a be (-1 + 24)*(-2)/(-2). Calculate the greatest common factor of a and n.
23
Let m be (-4 - 4 - -4)*-1. Suppose 2*g + 20 = m*g. Calculate the highest common divisor of g and 80.
10
Suppose 35*i - 2 = 34*i. Calculate the highest common factor of 10 and i.
2
Let o = -141 + 378. Let x be o/27 + 2/9. Suppose 30 = x*t - 6*t. What is the greatest common factor of 10 and t?
10
Suppose 4*a - 14 = -2*y, 0 = 2*y - 3*y - 3. Suppose -h = -a*h. Suppose h*f + 160 = 5*i - 5*f, 16 = 4*f. What is the greatest common divisor of i and 90?
18
Suppose 2*t = 3*a + 94, -4*a + 0 = -t + 52. Calculate the highest common divisor of 572 and t.
44
Let b be 3*(-4 - (-32)/12). Let a = b - -27. Let w(p) = p**3 + 12*p**2 + 12*p + 1. Let c be w(-8). Calculate the greatest common factor of c and a.
23
Suppose 0 = 4*i + 2*o - 4*o - 24, 5*i = 3*o + 31. Suppose 2*n = -i*a + 34, -4*n + 2*n - a + 26 = 0. Calculate the greatest common factor of n and 60.
12
Let d = 1271 - 569. What is the highest common factor of d and 156?
78
Suppose w + w - 4*m - 8 = 0, -w + 1 = m. Suppose 3*g + w*g = 210. Suppose 4*v - 10 = g. Calculate the highest common divisor of v and 104.
13
Suppose 0 = 3*x - 58 - 29. Calculate the highest common factor of x and 377.
29
Let n(j) = -12*j + 1. Let b(w) = -2*w - 19. Let q be b(-6). Let t be (-9)/3 - (0 - q). Let d be n(t). Calculate the highest common factor of 11 and d.
11
Let k be (4/(-6))/(2/(-3)). Let b(f) = 3*f**3 + 20*f - 22*f + 1 + 4*f**3. Let v be b(k). Calculate the highest common divisor of v and 18.
6
Suppose -532*t + 546*t = 126. What is the greatest common divisor of t and 1080?
9
Suppose b - 52 = 4*v, 18 = -b + 3*v + 69. What is the greatest common factor of b and 102?
6
Let l(a) = 12*a**2 - 35*a - 75. Let d be l(-2). What is the highest common divisor of 3 and d?
1
Suppose 16*h = -86 + 662. Suppose s = 2*s + 46. Let p = s - -100. What is the greatest common divisor of h and p?
18
Suppose 0 = 2*v + 2*v - 48. Let g(m) = m**3 + 3*m**2 - m + 5. Let w be g(-3). Let r be (w/(-24))/((-1)/18 - 0). What is the highest common factor of r and v?
6
Suppose -20*v + j = -24*v + 62, -69 = -5*v + 3*j. What is the highest common factor of v and 625?
5
Let j = 792 + -415. Calculate the highest common divisor of 29 and j.
29
Let g = 10 + 17. Suppose -9 = 3*f - g. Let x = -4436 + 4439. Calculate the greatest common factor of x and f.
3
Let l be 6 + -2 + -1 + 1. Suppose -411 - 381 = -l*p. Suppose -13*q = -18*q + 110. Calculate the greatest common divisor of q and p.
22
Suppose 0*o - 2*m + 198 = 3*o, -12 = -4*m. Calculate the highest common factor of 160 and o.
32
Let c(j) = j**3 + 3*j - 10. Let g be c(5). Let h = 265 - g. Calculate the highest common factor of 15 and h.
15
Suppose 0 = 3*q + q - 56. Let j = -103 + 39. Let b = 62 - j. What is the highest common divisor of b and q?
14
Let l(x) = -x**2 - 3*x + 5. Let t = 20 - 25. Let o be 12/15 + 24/t. Let f be l(o). What is the greatest common factor of f and 3?
1
Let a(g) = -3*g - 6. Suppose 8 = -4*x + 2*x. Let h be a(x). Calculate the highest common factor of 36 and h.
6
Suppose 222 - 42 = -3*j. Let k(y) = -y**3 + 10*y**2 - 8*y + 3. Let a be k(9). Let r = a - j. Calculate the highest common factor of r and 8.
8
Let y(i) = -7*i**2 - 21*i - 26. Let s(j) = 20*j**2 + 62*j + 79. Let x(z) = 6*s(z) + 17*y(z). Let f be x(-13). Calculate the greatest common factor of 6 and f.
6
Let v = -409 + 760. What is the greatest common factor of v and 13?
13
Suppose -3 = -3*b - 2*d, -3*d + 2*d + 2 = b. Let y be (2 + (2 - 8))/b. Suppose 4*f = -t + 12, y*f + 15 = 5*t - 21. What is the highest common factor of 1 and t?
1
Let s be (110/(-33))/((-2)/27). Let f = s + -42. What is the highest common factor of f and 30?
3
Let j be 8/(-12) + (-1)/3. Let l(c) = -32*c**3 - c**2 + 2*c + 1. Let z be l(j). What is the greatest common factor of 270 and z?
30
Let z(t) = -t**3 - 16*t**2 - 32*t - 16. Let y be z(-14). Suppose -2*c - 8 = -2*g, -4*c = -g - 0*c + 1. Calculate the highest common factor of y and g.
5
Let j(v) = 14*v. Let q be j(1). Let g be (-6)/(-2) - (-12)/(-3). Let n = 8 + g. What is the highest common divisor of q and n?
7
Let a be ((-14)/2 + 3 - -211)*1. Suppose -u = -4*o - 56, 4*u + o - a = -68. What is the highest common divisor of 180 and u?
36
Let m(y) = -y**2 - 2*y + 164. Let b be m(-13). Let o be 6/24 - 671/(-4). Calculate the greatest common factor of o and b.
21
Suppose -2*u - 5 = 2*z - 1, 4*u - 2 = -2*z. Suppose v = -u*v + 20. Suppose 2*a + 3 = v. What is the highest common factor of 4 and a?
1
Let f be (-2)/(-13) + 3296/208. What is the greatest common factor of f and 1?
1
Let q = -116 + 162. Suppose q = 9*p - 107. Calculate the greatest common divisor of 153 and p.
17
Let n(i) = -2*i**2 + 40*i - 59. Let t be n(16). What is the greatest common divisor of t and 3?
3
Let p(l) = 2*l + 7. Let v(h) = -1. Let i(j) = p(j) + v(j). Let m be i(8). Let x = m + -11. Calculate the greatest common divisor of x and 11.
11
Let q = 125 + -104. Let w be (-1)/(5/5) + q. What is the highest common factor of 20 and w?
20
Suppose -2*t + 0*t = 0. Suppose s = 3 - t. Calculate the greatest common divisor of s and 24.
3
Suppose -5*n - 73 = -4*x, 3*n - 45 = -6*x + x. Calculate the highest common factor of 276 and x.
12
Suppose -5 = -4*t + 3. Suppose -4*g - 62 - 3 = -5*f, -f + 13 = -t*g. Suppose 0*q = q - f. What is the highest common factor of q and 91?
13
Let w = -48 - -30. Let p(k) = -k**3 - 19*k**2 - 22*k - 22. Let t be p(w). Calculate the greatest common divisor of t and 10.
10
Let k = 1332 - 1299. What is the highest common factor of k and 825?
33
Let b(m) = 4*m**3 - 6*m + 6. Let t be b(2). Let g = -4 - -8. Suppose -o = -g*r + 259, 8*r - 4*r + o = 261. Calculate the greatest common factor of t and r.
13
Let f be (-16)/20*((-12)/8 + -1). What is the highest common divisor of f and 13?
1
Suppose -1 = -3*z + 11. Let h(f) = -f - 2. Let c be h(-4). Let r(p) = 6*p**3 - 3*p**2. Let k be r(c). What is the greatest common divisor of k and z?
4
Let y(m) = 22*m. Let n be y(5). Let x(j) = 7*j + 3*j - 6*j + 4 - 2*j. Let v be x(9). Calculate the greatest common factor of n and v.
22
Suppose -52*l + 46*l + 9270 = 0. Calculate the highest common divisor of 15 and l.
15
Let u = -78 - -109. Let f = u + 32. Let n = 17 + f. What is